ose -2*n + 7 = -17. Let y(o) = o**3 - 11*o**2 - 13*o + 18. What is the remainder when 17 is divided by y(n)?
5
Let y(h) = -3*h - 2. Let l be y(-2). Suppose -l*i + 54 = -42. What is the remainder when i is divided by 15?
9
Let q = -74 + 107. Calculate the remainder when 77 is divided by q.
11
Let x be -5 + 1 - (1 + -2). Let w be 1/x + (-1480)/15. Calculate the remainder when (-3 + w/(-15))*5 is divided by 4.
2
Suppose -12*n + 7*n - 5*t + 680 = 0, 3*n + t = 418. What is the remainder when n is divided by 36?
33
Let v(q) = -2*q**3 - 2*q**2 + 2*q. Let g = 201 - 116. What is the remainder when g is divided by v(-3)?
25
Suppose 12*j = 33*j - 462. What is the remainder when 373 is divided by j?
21
Suppose 2*i - 3*u + 24 = 0, i = 2*u + 4 - 17. Let t = i - -7. Calculate the remainder when 42 is divided by 15/(-2)*4/t.
12
Suppose -l = 3*t - 33, -5*t - 56 + 103 = l. Suppose 6 + 3 = 3*k. Calculate the remainder when l is divided by k.
0
Let m = -19 + 56. Let r = -33 + m. Calculate the remainder when 6 is divided by r.
2
Let g = -79 - -101. What is the remainder when (24/3)/(2/16) is divided by g?
20
Suppose 9 = 2*i - 7. Suppose -7*s - 3 = -i*s. What is the remainder when ((-22)/(-8) + -2)*12 is divided by s?
0
Suppose 7*o = 45 - 1116. Let c = 162 + o. Calculate the remainder when c is divided by 2/9 + (-43)/(-9).
4
Suppose o + 425 = 3*c, 3*c = -o - 4 + 437. What is the remainder when c is divided by 347/7 + 92/(-161)?
45
Let j be ((-30)/(-40))/(1/4) + 1. Suppose 5*x = -j*k + 385, -k + 2*k + 385 = 5*x. Calculate the remainder when x is divided by 26.
25
Let u = -2540 + 2595. What is the remainder when u is divided by 29?
26
Let b(z) = z**2 + 9*z + 8. Let i be b(-7). Let r(f) = 5 - f - 2 - 3 + 7. Calculate the remainder when 25 is divided by r(i).
12
Suppose -5*x - 37 = 8. Calculate the remainder when (-2*1/6)/(1/(-75)) is divided by 39/2*(-6)/x.
12
Let x(w) = 4 + w - 1 + 4. What is the remainder when 28 is divided by x(9)?
12
Suppose c = 5*c - 5*o - 74, -2*c + 32 = -5*o. What is the remainder when c is divided by 13?
8
Let x = 5 - 2. Suppose -x*u + 7 - 1 = 0. Suppose q + 4*y + 8 = -0, u*q = 5*y + 23. What is the remainder when 7 is divided by q?
3
Let k(m) = m**3 + 13*m**2 - 13*m + 14. Let o be k(-14). Let d be -1 - (o/2 - 2). Calculate the remainder when 66 is divided by d + 26 - (3 - -1).
20
Let h be (30/40)/((-1)/(-4)). Suppose r + 36 = h*r. Suppose -5*s + 185 = 2*d, 3*s + 2*d - 136 = -21. Calculate the remainder when s is divided by r.
17
Let s(b) = -b**3 - 3*b**2 - 10. Let i be s(-3). What is the remainder when 57 is divided by (-68)/i + 28/(-35)?
3
Suppose -3*x + 748 - 238 = 0. Suppose 3*k = -2*g + g + x, 3*k - 2*g = 173. Let l = 91 - k. What is the remainder when l is divided by 12?
10
Let s(i) = -3*i**2 + 2*i - 30. Let y be s(6). Let a = y - -241. What is the remainder when a is divided by 15?
10
Suppose -2*y - 4*c + 10 - 2 = 0, 0 = 5*y + 5*c - 40. Calculate the remainder when 34 is divided by y.
10
Suppose 0 = 4*h - 85 - 115. Calculate the remainder when 298 is divided by h.
48
Let i = -10 - -44. Calculate the remainder when 235 is divided by i.
31
Let z(t) = 2*t**2 - 49*t + 35. What is the remainder when z(30) is divided by 93?
86
Let p(r) = -r**3 - 4 - 2 + r**3 + r**3 + r. Let a be p(0). What is the remainder when 8 is divided by 8 - (a/(-1) - 3)?
3
Suppose -3*x = -61 - 29. Let a = -142 + 199. What is the remainder when a is divided by x?
27
Let t = -80 - -87. Suppose -t*s + 13 = -6*s. What is the remainder when s is divided by 5?
3
Let o be 3 - (0 - -8)/((-4)/2). Suppose 0 = -o*p - 29 + 134. Calculate the remainder when (-53)/(-2) - 1/(-2) is divided by p.
12
Suppose 852 = 15*b + 552. Calculate the remainder when 137 is divided by b.
17
Let h be -4*3/(-12) - -14. Suppose s = -h + 37. Calculate the remainder when s is divided by 12.
10
Let j = 1290 + -1259. Calculate the remainder when 340 is divided by j.
30
Suppose -2 = -12*a + 11*a. Let g(k) = 4*k - 1 + 1 + 0*k - 3 + 3*k**a. What is the remainder when g(2) is divided by 5?
2
Let z = 560 - 551. Calculate the remainder when 76 is divided by z.
4
Let c(j) = 3*j + 14. What is the remainder when c(10) is divided by (-45)/(-9)*(-4)/5 + 29?
19
Suppose 2*m - 7*r + 20 = -3*r, -3*m - 22 = -2*r. Let f = m - -16. Calculate the remainder when 49 is divided by f.
9
Let h = 3152 - 2783. Calculate the remainder when h is divided by 127.
115
Suppose 500 = -20*m + 24*m. Suppose 3*s + 3*l = 69, 0*s - 3*s + 3*l + 39 = 0. What is the remainder when m is divided by s?
17
Suppose a + 3 = -4*m, 5*a + 17 = -3*m + 2. Let f = 7 - m. What is the remainder when f is divided by 3?
1
Let m = 33 + 11. Let b(x) = 150*x - 591. What is the remainder when m is divided by b(4)?
8
Suppose 0 = -5*q - 10 + 35. Suppose 2*g + 5*m = 3*g - 29, 5*m - 55 = -q*g. What is the remainder when 25 is divided by g?
11
Let p = 9 - 4. Suppose 0*z = -5*z + p. What is the remainder when 3/5 - (-105)/75 is divided by z?
0
Let a = 545 + -68. What is the remainder when a is divided by 27?
18
Let o be -2 - -21 - (-40)/(-10). Suppose -111 + o = -3*r. What is the remainder when r is divided by 24?
8
Suppose 17*m + 44 = u + 12*m, 5*m = 0. What is the remainder when u is divided by 15?
14
Suppose 3*n - 2*c - 34 = 0, 5*n + 7 = 3*c + 63. Calculate the remainder when 3740/25 + 4/n is divided by 17.
14
Let v = 26 - 13. Let y = 56 - 36. Calculate the remainder when (-24)/(-8) - y*-1*3 is divided by v.
11
Let i = -156 + 262. Let r = -23 + i. What is the remainder when r is divided by 42?
41
Suppose 4*m - 1 + 1 = 0. Suppose 0 = 3*g + s - 11 - 74, m = 5*g + 2*s - 143. What is the remainder when g is divided by 6?
3
Let l = 1 + 14. Calculate the remainder when l is divided by (-30)/(-12)*12/5.
3
What is the remainder when 20 is divided by (55/35)/(2/(14 + 0))?
9
Let x(n) = 4*n**2 + 12*n - 7. Let t be x(-7). Suppose -29*q = -24*q - t. What is the remainder when 41 is divided by q?
20
Let s(p) = -p**2 - 14*p + 21. Let v be s(-15). Let w(g) = 3 + g + 2 - v + 3. What is the remainder when 19 is divided by w(9)?
8
Let s(u) = -3*u**2 + u - 11. Let c(h) = 4*h**2 - 2*h + 10. Let n(d) = -2*c(d) - 3*s(d). Calculate the remainder when 34 is divided by n(0).
8
Calculate the remainder when (-47783)/(-284) + (-1)/4 is divided by 17.
15
Suppose -3*r + 4*r - 94 = 0. Let w(y) be the second derivative of y**4/12 + y**3/6 - 3*y**2 + 6*y. What is the remainder when r is divided by w(-6)?
22
Suppose -3*o + 4 = -o. Let t(m) = m. Let d be t(o). Suppose 3*i = -i + 3*g + 16, -4*i + 16 = -d*g. Calculate the remainder when 14 is divided by i.
2
Suppose 0 = 11*b - 4*b - 21. What is the remainder when ((-5)/(-20))/(b/4)*57 is divided by 4?
3
Suppose 13 = 2*i - 1. Suppose -7 = -3*u + 2, -4*u = 2*k - 22. Suppose -3*h + 3*g + 51 = 0, k*h + 9 - 58 = -4*g. What is the remainder when h is divided by i?
6
Let j(p) = p**2 + 2*p**3 - 3 + 3*p**2 - p**3 - 6*p. Let r be j(-5). Suppose r*c = 9 + 29. What is the remainder when 36 is divided by c?
17
Suppose 3*d = 3*h + 21, -4*d - h - 22 + 60 = 0. What is the remainder when 89 is divided by d?
8
Suppose 61 = x + 2*c - 93, 0 = -2*x - 5*c + 309. Calculate the remainder when x is divided by 41.
29
Suppose -5*k = v, k + 2*v - 6 = -15. Calculate the remainder when (-7)/(42/4)*-39 is divided by 8 + 1*(-1)/k.
5
Suppose 466 = 99*z - 920. Calculate the remainder when z is divided by 2*1 + 5 + -3.
2
Suppose f + 2*f = -336. Suppose 116 = 5*z - 34. Calculate the remainder when 51 is divided by (-20)/z - f/6.
15
Let n(w) = 5*w**2 + 26*w - 94. Calculate the remainder when n(4) is divided by 48.
42
Suppose 159*u = 131*u + 1680. What is the remainder when u is divided by 42?
18
Suppose -3*b - 2*r = r + 210, -296 = 4*b - 4*r. Let d = -56 - b. What is the remainder when 37 is divided by d?
5
Let q = -5 - -24. Suppose q + 31 = 2*z. Calculate the remainder when z is divided by 9.
7
Suppose -2*z + 88 = 4*b, 3*b + 5 - 51 = -z. Calculate the remainder when 116 is divided by z.
36
Suppose -144 = -136*p + 134*p. Let h = p + 37. Let g = 17 + 11. What is the remainder when h is divided by g?
25
What is the remainder when (0 - 1/2)*-62 is divided by (-3458)/(-287) - 10/205?
7
Suppose 0 = i - 4*r - 2, 54 = -i + 4*i + 4*r. Suppose 8 = 2*d + 3*x, -2*x + 5*x - 28 = -4*d. Calculate the